4*f(x) + 5*g(x). Calculate c(-4).
1
Let q(p) = 49 + 47 + 14*p**2 - 139*p - 92 + p**3 + 150*p. Determine q(-13).
30
Let i(y) = -y**2 - 15*y - 17. Let n(h) = 2*h**3 - 12*h**2 - 20*h + 28. Let w = -13 - -20. Let j be n(w). What is i(j)?
-3
Let t(v) = -v. Let b = -15 + 26. Let n(k) = 14*k**2 - b*k**2 - 5*k - 2*k**2. Let g be n(5). Calculate t(g).
0
Let x(o) be the second derivative of o**6/120 - o**5/12 - 7*o**4/24 - 4*o**3/3 + 3*o**2/2 - 10*o - 4. Let n(k) be the first derivative of x(k). Determine n(6).
-14
Let u(s) = s**3 - 4*s**2 + 4*s - 6. Let k(p) = 2*p + 36. Suppose 17*y + 178 = -94. Let h be k(y). Give u(h).
10
Let f(b) = -b**2 - 4*b - 3. Let x(u) = 3*u**2 + 11*u + 8. Let j(t) = -11*f(t) - 4*x(t). Let q be (16 + 4 + -5 + -12)/1. Calculate j(q).
-8
Let m be 100/6 + (-72)/(-54). Suppose -4*o + 4 = 5*p - 22, -m = -4*o - p. Let q(c) = -1 - 2*c + 4*c + 0*c. Give q(o).
7
Suppose 0 = -2*q + 4*z - 18, 0*z - z - 67 = 5*q. Let l = -9 - q. Let a(y) = -10*y + 17*y + y**2 - l*y + 3. Determine a(-2).
1
Let j(b) = 5*b**3 + 4*b**2 + 18*b - 8. Let s(u) = 4*u**3 + 2*u**2 + 15*u - 7. Let y(c) = -5*j(c) + 6*s(c). Determine y(-7).
-51
Let u(f) = -f**2 + 8*f - 14. Let j(v) = -2*v**2 + 14*v - 28. Let k(p) = 5*p + 38. Let c be k(-8). Let a(w) = c*j(w) + 5*u(w). What is a(10)?
6
Let v = 224 - 227. Let x(o) = o**2 - 18*o - 60. Let z be x(v). Let i(d) be the first derivative of -d**4/4 + 2*d**3/3 + 3*d**2/2 - d + 1. Determine i(z).
-1
Let i(k) = -343*k**2 - 32*k + 51. Let a(v) = 121*v**2 + 11*v - 17. Let z(s) = 17*a(s) + 6*i(s). Let h be (3 - 2)/((-2)/14). Give z(h).
3
Let f = -49 + 49. Suppose 19*r - 23*r + 196 = f. Let d = r - 43. Let m(w) = -w - 7. What is m(d)?
-13
Let k(z) be the first derivative of -z**3/3 - 4*z**2 + 3*z + 2367. What is k(6)?
-81
Let g(l) = 113 - 5*l + l**2 + 119 - 242. Suppose 0 = 3*i - 4*i + 7. Give g(i).
4
Let h(z) = -9*z - 4. Let u(j) = 3*j**2 - 7*j - 3. Let a be u(3). Let w(n) = 7*n + 4. Let s(v) = a*h(v) + 4*w(v). What is s(-6)?
-2
Let l = -33 + 26. Let g be (4/7 + -2)*(l - 0). Suppose -4*s - g - 2 = 2*a, 0 = 3*s + 9. Let i(y) = y**2 - 1. What is i(a)?
-1
Let p(m) be the third derivative of -m**5/30 + m**4 - 17*m**3/6 + 153*m**2 + 5. Determine p(12).
-17
Let n(w) = 8 - 6 - 24*w + 19 - 4*w**2 + 3 + 9. Suppose 44 - 9 = -5*z. Let s(l) = -3*l**2 - 16*l + 22. Let b(d) = z*s(d) + 5*n(d). Calculate b(6).
-1
Let t(i) = -i**3 - 4*i**2 - 9*i + 4. Let q(l) = -2*l**3 - 10*l**2 - 20*l + 9. Suppose -41 = 4*u - 57. Let c(v) = u*q(v) - 9*t(v). What is c(5)?
30
Let m(k) = -369*k - 13. Let l(u) = 1160*u + 41. Let v(j) = 7*l(j) + 22*m(j). Suppose -5*y = -6 - 4. Give v(y).
5
Let f(s) = -s**3 - 7*s**2 + s. Let a = 117 + -236. Let z be (3 - 3) + (2 - -2) - 116. Let j = a - z. Calculate f(j).
-7
Let f(h) = -h + 3. Let z(t) = -t**2 - 7*t + 55. Suppose 6*w + 35 = -37. Let n be z(w). Give f(n).
8
Let d(m) = -2*m - 28. Suppose 75*u + 4*z = 71*u + 4, -4*u = -4*z + 4. Calculate d(u).
-28
Let g(n) = 19*n**3 - 3*n**2 - n. Suppose 6*d - 5*d - 15 = 4*l, -d - 5*l = 21. Calculate g(d).
-21
Let h be 6/4*1204/21. Suppose h*z - 82*z = 20. Let l(n) = -8*n + 2*n**2 + 8 - 2 + 0*n**2. Calculate l(z).
16
Let u be 2/(-16) - (6 + (-243)/24). Suppose 10 = -5*i - a - 19, -u*i + 5*a = 0. Let w(c) = c**3 + 4*c**2 - 6*c - 1. What is w(i)?
4
Suppose 72*w = 31*w + 82. Let j be (w + -1)*-10*(-33)/66. Let r(n) = n**2 - 3*n - 2. What is r(j)?
8
Let s(v) = -9*v - 1. Suppose -r - 3*k = -5 - 3, 10 = 5*r + 5*k. Let c be ((-5)/10)/(r/(-82)). Let m = -43 - c. Give s(m).
17
Let w(a) be the first derivative of -a**7/840 + a**6/45 + a**5/60 + a**4/12 + 2*a**3/3 - 13*a**2/2 - 35. Let g(j) be the third derivative of w(j). What is g(8)?
18
Let t = -44 + 46. Suppose -14 + 78 = t*w. Let i(z) = -z**2 + w*z + 3 - 67*z + 36*z. Give i(0).
3
Let f(t) = 11*t - 103. Suppose -647 = -163*c + 820. Give f(c).
-4
Let r be (11/((-330)/(-48)))/((-6)/60*-4). Let p(x) = 11*x - 21. What is p(r)?
23
Let c(o) = o**3 + 2*o**2 - o - 3. Let x be c(-2). Let i = -24 + 25. Let k(l) = l + i + 2*l + 0 + 7*l. Calculate k(x).
-9
Let d be 2*(-7 + 6)*-1. Let k(t) = -t**3 + 64*t**d + 0 - 61*t**2 + 1. Calculate k(3).
1
Let d(r) = -2*r**2 - 4*r - 1. Let h = -160 - -193. Let n be 44/h*45/(-12). Give d(n).
-31
Let o(y) = 4 + 14 + 1 + 2 + 3529*y - 3526*y. What is o(5)?
36
Suppose 276*f - 46*f - 936 = 444. Let p(z) = 4*z**2 - 11*z + 12. Determine p(f).
90
Let a be -3*(-4 - (-7)/((-105)/(-100))). Suppose -3 + 1 = -s. Let r(p) = -15 - 6*p - p**s - 3*p + 13. Calculate r(a).
6
Let i = 1021 + -1022. Let k(g) be the first derivative of -14*g**3/3 - g**2/2 - 1. Determine k(i).
-13
Let v(d) = -d**3 - 4*d**2 + 4*d + 4. Let q(f) be the third derivative of -7/24*f**4 - 1/60*f**5 - 3/2*f**3 + 0*f + 0 - 13*f**2. Let a be q(-6). Determine v(a).
-17
Let w(f) = -239 + 2*f**3 - f**3 - 8*f + 251 + 5*f**2 - 2*f**3. Let n be w(4). Let m(a) = -a**2 - 3*a - 2. What is m(n)?
-6
Let t(n) = 13*n + 45. Let m be t(-3). Let f(x) = -m + x - 17 + 19 - 2*x**2. Give f(2).
-10
Suppose 0 = 89*a - 91*a - 4*i + 24, -13*a - 30 = -5*i. Let s(o) be the third derivative of a*o**3 - 1/12*o**4 + 0 - 32*o**2 + 0*o. Determine s(-8).
16
Let p(f) = f - 5*f - 3 + 5. Let o be (-1 - 5) + (-6)/(-1). Suppose o = 14*v - 5*v - 45. What is p(v)?
-18
Let p(y) = y**2 + 23*y + 100. Suppose -524*x + 187 = -535*x. Determine p(x).
-2
Let r(c) = 5*c**3 + 10*c**2 - 2*c - 8. Let j(h) = -h**3 - h**2 + 2*h + 1. Let m = -317 - -316. Let z(w) = m*r(w) - 4*j(w). Calculate z(-5).
9
Let a = 119447 - 119455. Let c(z) = z**3 - z**2 - 1. Let b(p) = 5*p**3 + 5*p**2 + 7*p - 19. Let j(y) = -b(y) + 4*c(y). What is j(a)?
7
Let b(l) = 2*l - 3. Let s(f) = -10*f + 27. Let t(m) = 4*b(m) + s(m). Give t(10).
-5
Let i be (-2 - (-46)/1) + -4 + -1. Let r(c) = -c**2 - i*c + 1 + 0 + 19*c + 15*c. Give r(-3).
7
Let o = -59 + 59. Let f(a) = 416064*a + 1 - a**2 + 31 - 416063*a. Calculate f(o).
32
Let l(t) = -4 - t**2 - t - 5*t - t. Let v be l(-6). Suppose 0 = v*n + 2*n + 28. Let u(i) = i**2 + 6*i - 2. Determine u(n).
5
Let x(a) = 3*a**2 - 6 + 7 + 1 - 2*a**2. Let m be x(0). Let c(u) = 8*u + 11*u**2 - 5*u**m + 7 - 3 - 5*u**2. Calculate c(-7).
-3
Let v(y) = 37*y**2 + 44*y - 63. Let a(h) = 11*h**2 + 15*h - 21. Let w(z) = -10*a(z) + 3*v(z). Calculate w(17).
4
Let c(d) = 12*d - 73. Let l be 5/((-315)/(-297)) + (-8)/(-28). Determine c(l).
-13
Let i(d) = -2*d + 59. Let a be 4/18*89/((-4806)/(-3402)). Calculate i(a).
31
Suppose -a - 43 = -2*a + 5*g, 0 = -5*a + 2*g + 100. Let l(u) = -39 + 5*u + a*u + 15 - u**2. Let b be l(22). Let v(c) = 4*c**2 - 4*c - 3. Give v(b).
21
Suppose r + 0*r = -y + 3, -9 = 3*y. Let k be (-3)/r*0/(-3). Let l(t) = -3*t + 4 - 4*t - 7 + 6*t. Give l(k).
-3
Let h(g) be the third derivative of 0 + 1/4*g**4 + 75*g**2 + 0*g + 3/2*g**3. Give h(-6).
-27
Suppose -1 = -5*g - 6, o - 5*g - 853 = 0. Suppose o*d = 851*d + 33. Let z(r) = r**3 + 12*r**2 + 15*r + 8. What is z(d)?
-36
Let p(c) be the second derivative of -c**3/3 + 323*c. Calculate p(5).
-10
Let i be (1 + 1 + -3)*-10. Let d(s) = 530 + s**3 + 8*s - 454 + 0*s**3 - 11*s**2 - 76 + 0*s**3. Determine d(i).
-20
Let a(k) = k**3 + 4*k**2 - 5*k - 15. Let n be 0 - (1 - 2 - -5). Let o be a(n). Suppose o*f = -3*l - l - 35, 2*f - 9 = 3*l. Let p(t) = -t. Determine p(l).
5
Let i(s) = -s**2 + 2*s + 1. Let g(k) = k**2 + k - 2. Let y(r) = -2*g(r) - i(r). Calculate y(1).
-2
Let u be (-2)/((16 - 8)/(-4)). Let a(b) = -25*b**3 - 2*b**2 - 3*b + 4. Give a(u).
-26
Suppose 5*x - 4*x = t + 8, 0 = -2*x - 6*t - 24. Let s(w) be the first derivative of -1/3*w**x - 5 - 1/2*w**2 + 6*w. What is s(0)?
6
Let h(i) = i**2 - i - 31. Let c be (3/(5 - 2))/(-1). Let j be (0/14)/((-1)/c). Give h(j).
-31
Suppose 12 = -2*r + 4*k, 4*r - 2*r - 2*k = -2. Let t(h) = 7 + 4*h**2 + r*h**3 + 5*h + 5*h**3 - 10*h**3. Give t(5).
7
Let c be (-12)/54 - (-5 - 66/54). Suppose -c*n = -n + 5*y, -2*y + 3 = n. Let m(q) be the first derivative of -q**3/3 + 3*q + 1. Determine m(n).
-6
Suppose -2*k - 4*a + 18 = 0, -58*k = -62*k + 2*a + 36. Let s(d) = 37*d - 332. What is s(k)?
1
Suppose -4*x = 12, 4*x + 25 + 7 = 5*k. Suppose -g - 3*v - 4 = -1, 0 = -g + k*v + 18. Let f be (-10)/g - (-78)/9. Let w(n) = n + 3. Determine w(f).
10
Let j(r) = r**2 - 2*r + 7. Let d be ((-36)/(-8) - 4)*-10. Let f be (-10 - -11) + (-3 - d). Give j(f).
10
Let i